mine t(-2).
-204
Let o(l) = 36*l**2 - 644*l + 17. Calculate o(18).
89
Let y(l) = 3*l**3 + 36*l**2 - 10*l + 60. Calculate y(-12).
180
Let b(c) = 4*c**2 - 856*c + 25059. What is b(179)?
-1
Let n(j) = 16393*j - 327865. Determine n(20).
-5
Let j(f) = f**3 + 165*f**2 + 5023*f + 828791. Calculate j(-165).
-4
Let h(q) = -8705*q + 96. Give h(0).
96
Let v(f) = -5653*f - 2261208. Determine v(-400).
-8
Let o(j) = j**3 - 51*j**2 - 114*j + 3247. Give o(52).
23
Let a(f) = 2*f**3 + 277*f**2 - 138*f - 45. What is a(-139)?
-184
Let y(p) = 1100*p + 36661. Determine y(-33).
361
Let b(s) = -5*s**3 - 57*s**2 - 2*s + 117. Calculate b(-9).
-837
Let f(z) = 43*z**2 - 11523*z - 35244. Calculate f(271).
-14
Let y(w) = w**3 + 143*w**2 + 1199*w - 935. Determine y(-134).
3
Let n(j) = -j**2 - 71*j + 8634. Give n(64).
-6
Let o(p) = 885*p - 904. Give o(1).
-19
Let r(c) = 332*c - 48809. Calculate r(147).
-5
Let c(s) = 488702*s + 1954798. Give c(-4).
-10
Let z(j) = 4*j**3 + 22*j**2 + 1268*j + 7692. What is z(-6)?
12
Let n(p) = -89*p - 990. Give n(-11).
-11
Let j(k) = -4*k**2 + 11644*k - 69740. Determine j(6).
-20
Let d(a) = -1075*a - 19538. Give d(-18).
-188
Let m(c) = 17538*c - 105199. Give m(6).
29
Let g(d) = 688*d - 29741. Give g(43).
-157
Let n(u) = -80*u + 5713. What is n(68)?
273
Let t(u) = -725001*u - 7975006. Determine t(-11).
5
Let z(n) = n**3 - 84*n**2 - 3216*n - 7190. What is z(113)?
-297
Let w(b) = 352*b + 8438. Give w(-24).
-10
Let o(d) = -d**2 + 6057*d + 1767658. Determine o(-279).
-86
Let d(b) = 3*b**2 + 212*b + 42. Determine d(-50).
-3058
Let j(d) = 416*d**2 - 16322*d + 3826. Give j(39).
4
Let j(m) = m**3 + 160*m**2 + 311*m - 817. Determine j(-158).
-27
Let w(m) = 2*m**2 - 62*m - 177. Calculate w(33).
-45
Let y(z) = 8*z**3 + 38*z**2 - 86*z - 2. Give y(2).
42
Let m(f) = f**3 - 298*f**2 + 3435*f - 1027. Give m(286).
-169
Let r(f) = 280*f**2 - 34712*f - 414. Calculate r(124).
578
Let s(o) = -6*o**2 - 582*o + 565. Calculate s(-97).
565
Let z(j) = j**2 - 289*j + 17158. Calculate z(203).
-300
Let i(w) = -2*w**2 + 47454*w + 522240. Determine i(-11).
4
Let z(p) = -3*p**2 - 135*p + 1196. Give z(-53).
-76
Let s(g) = -2*g**3 - 452*g**2 - 457*g - 1927. Give s(-225).
-352
Let j(t) = -14*t**2 - 71042*t + 355208. Calculate j(5).
-352
Let o(v) = -2*v**3 + 181*v**2 - 1612*v + 25. What is o(10)?
5
Let k(c) = -6*c**2 - 619*c + 4287. Give k(7).
-340
Let r(v) = 456*v**2 - 15961*v + 39. Calculate r(35).
4
Let w(x) = 18*x**2 - 76*x - 262. What is w(11)?
1080
Let r(n) = -7*n**2 + 31307*n + 31306. Determine r(-1).
-8
Let a(s) = -6*s**2 + 443*s + 367. Give a(74).
293
Let x(q) = -5*q**3 + q**2 - 18*q - 80. Give x(-4).
328
Let h(w) = 38846*w + 388436. Calculate h(-10).
-24
Let x(g) = -g**3 + 37*g**2 - 709*g + 28296. Calculate x(38).
-90
Let w(m) = 4676*m + 4849006. What is w(-1037)?
-6
Let h(g) = -78*g**2 - 8127*g - 1553. What is h(-104)?
7
Let a(t) = 11*t**2 - 2205*t + 12831. Determine a(6).
-3
Let y(x) = 315*x + 36053. Determine y(-113).
458
Let r(q) = -12833*q - 282320. Calculate r(-22).
6
Let p(a) = -a**2 + 15339*a + 92069. Give p(-6).
-1
Let r(v) = 3*v**3 + 229*v**2 - 160*v - 523. Give r(-77).
-61
Let n(k) = 68*k + 3849. What is n(-49)?
517
Let m(a) = -20*a**3 - 9*a**2 + 872*a - 864. Give m(1).
-21
Let r(l) = -2*l**3 - 401*l**2 + 1186*l. Calculate r(3).
-105
Let z(h) = -504*h + 21204. Determine z(43).
-468
Let g(q) = -1446*q + 31746. Determine g(22).
-66
Let u(q) = -q**2 - 2848*q - 28372. Give u(-10).
8
Let a(b) = b**3 - 125*b**2 + 658*b - 6998. Calculate a(120).
-38
Let m(q) = 387*q + 29709. Calculate m(-76).
297
Let z(b) = -2*b**3 + 745*b**2 + 381*b - 2988. Calculate z(373).
-4
Let c(o) = -27*o**2 + 1539*o + 3277. Calculate c(59).
91
Let w(c) = -18449*c + 147724. Determine w(8).
132
Let w(z) = -z**3 + 58*z**2 + 679*z - 5. Give w(68).
-73
Let z(m) = -2729*m - 13047. Give z(-6).
3327
Let n(g) = -249*g - 15349. What is n(-58)?
-907
Let t(w) = -w**3 - 117*w**2 + 66*w - 6008. What is t(-118)?
128
Let w(k) = -447*k**2 + 62593*k - 1823. Calculate w(140).
-3
Let a(q) = 20*q**2 + 6659*q + 6306. Give a(-332).
-2
Let q(z) = 4*z**2 - 5804*z + 52296. Calculate q(9).
384
Let x(m) = 15*m**2 + 64*m - 73. Calculate x(-6).
83
Let g(m) = -8204*m + 155870. Determine g(19).
-6
Let g(v) = -4*v**2 + 687*v + 3457. What is g(-5)?
-78
Let g(h) = -227*h**3 - 113*h**2 - 9*h - 4. Give g(-2).
1378
Let r(o) = -839*o**2 + 5035*o - 26. Give r(6).
-20
Let w(u) = -13*u**2 + 131*u + 611. Determine w(17).
-919
Let u(p) = -181*p + 11205. Give u(82).
-3637
Let o(v) = -53*v + 12193. Calculate o(231).
-50
Let l(w) = -10*w**2 - 124690*w - 623209. Calculate l(-5).
-9
Let f(x) = -47*x**3 + 984*x**2 - 912*x - 9. What is f(1)?
16
Let v(c) = 2*c**2 + 146244*c - 1170053. Calculate v(8).
27
Let k(q) = q**3 + 82*q**2 - 984*q + 402. Determine k(-93).
-3225
Let d(m) = -84*m**2 + 32*m + 4392. Calculate d(-7).
52
Let l(q) = -2*q**3 - 288*q**2 - 7902*q + 27975. Give l(-42).
3
Let v(f) = 4709*f + 12072. What is v(-3)?
-2055
Let n(y) = 2*y**2 + 7256*y + 371906. Calculate n(-52).
2
Let m(o) = -o**3 - 92*o**2 - 85*o + 588. Determine m(-91).
42
Let p(j) = -j**3 - 8714*j**2 - 52245*j + 20. Give p(-6).
2
Let u(t) = 5909*t - 1382488. Determine u(234).
218
Let d(y) = y**3 + 20*y**2 - 344*y - 6933. Give d(-19).
-36
Let y(c) = -809*c + 6773. Determine y(11).
-2126
Let v(x) = 17373*x - 781769. What is v(45)?
16
Let g(s) = -142052*s - 1420524. What is g(-10)?
-4
Let r(l) = 12*l**3 + 103*l**2 - 104*l + 657. Determine r(-10).
-3
Let m(h) = 332*h - 27004. Calculate m(82).
220
Let x(l) = -33709*l + 67430. What is x(2)?
12
Let m(s) = -1312*s**2 + 49852*s + 148. Determine m(38).
-4
Let u(a) = -217*a - 4077. What is u(-19)?
46
Let g(a) = 23*a**2 - 222*a - 1018. Give g(13).
-17
Let n(z) = -632527*z - 3162631. What is n(-5)?
4
Let s(v) = -20*v**2 + 26*v - 7. Calculate s(-5).
-637
Let o(l) = -3*l**2 - 13681*l - 54697. Calculate o(-4).
-21
Let r(b) = -b**3 - 192*b**2 - 13*b - 39690. Determine r(-193).
68
Let d(r) = 64*r**3 - 8193*r**2 + 129*r - 91. Calculate d(128).
37
Let s(h) = 6*h**3 + 952*h**2 - 3794*h - 63. Calculate s(4).
377
Let f(l) = -11*l**2 + 3264*l + 1045. Determine f(297).
154
Let p(w) = -3753*w - 791803. What is p(-211)?
80
Let p(d) = -5*d**3 - 132*d**2 - 176*d - 18. What is p(-25)?
7
Let t(j) = -2*j**2 + 982*j + 13991. Give t(-14).
-149
Let m(z) = -1984*z + 19942. Determine m(10).
102
Let t(k) = 1394*k - 51573. Determine t(37).
5
Let u(v) = 172*v + 13082. Give u(-73).
526
Let t(g) = -34*g**3 + 13*g**2 - 145*g + 146. What is t(1)?
-20
Let f(p) = -1319351*p - 5277406. Determine f(-4).
-2
Let i(f) = 3*f**3 - 150*f**2 + 132*f - 763. Give i(49).
-1498
Let i(y) = 1498*y**2 - 29971*y + 231. Give i(20).
11
Let d(t) = t**3 + 75*t**2 + 143*t - 202. Give d(-73).
17
Let s(p) = 8*p - 708. Give s(161).
580
Let r(s) = 6*s**3 + 353*s**2 - 172*s - 7331. Calculate r(-59).
-664
Let w(r) = 872*r**2 + 90*r - 85. Determine w(1).
877
Let i(a) = 2*a**2 - 4008*a - 637000. Give i(-148).
-8
Let p(i) = -i**2 - 1077*i + 95034. Give p(82).
-4
Let z(c) = -3*c**3 + 76*c**2 - 153*c + 24. Give z(22).
1498
Let p(c) = 4*c**3 + 167*c**2 + 280*c - 5. Calculate p(-40).
-5
Let z(u) = -4*u**3 + 151*u**2 - 379*u + 79. Give z(35).
289
Let y(a) = -94*a + 6616. What is y(68)?
224
Let u(z) = -z**2 - 3856*z - 968202. What is u(-270)?
18
Let v(y) = 2*y**2 + 405*y + 16992. Give v(-143).
-25
Let h(r) = -5068*r + 101368. What is h(20)?
8
Let p(v) = -v**3 - 91*v**2 + 595*v - 36. Give p(6).
42
Let i(b) = -16*b**2 + 234*b + 680. Calculate i(-3).
-166
Let a(o) = -26*o**2 - 1897*o + 10056. What is a(5)?
-79
Let y(m) = 137*m**3 + 2614*m**2 + 370*m + 3066. Give y(-19).
7
Let r(p) = -8307*p - 16275. What is r(-2)?
339
Let t(k) = -212*k - 14676. Calculate t(-68).
-260
Let l(b) = 11*b**2 - 28*b + 1419. Determine l(0).
1419
Let z(n) = n**2 + 1308*n + 18122. Give z(-14).
6
Let d(f) = 2*f**3 + 56*f**2 - 95*f - 2656. Calculate d(-28).
4
Let r(b) = b**3 + 51*b**2 - 299*b + 847. Give r(-57).
-1604
Let o(s) = -17*s**2 + 299*s + 2953. Determine o(-9).
-1115
Let q(a) = 3917*a - 148872. Determine q(38).
-26
Let v(l) = -l**3 - 132*l**2 - 254*l + 790. Give v(-130).
10
Let i(k) = 21*k**2 + 3207*k - 883. What is i(-153)?
35
Let o(i) = -2*i**2 + 53*i + 154. Give o(32).
-198
Let b(n) = -11415*n - 399529. Calculate b